{"id":458,"date":"2024-07-01T23:38:11","date_gmt":"2024-07-01T21:38:11","guid":{"rendered":"https:\/\/www.jozefsedlak.sk\/?post_type=galeria&#038;p=458"},"modified":"2024-07-15T21:52:30","modified_gmt":"2024-07-15T19:52:30","slug":"pocta-instalacii-1995","status":"publish","type":"galeria","link":"https:\/\/www.jozefsedlak.sk\/en\/galeria\/pocta-instalacii-1995\/","title":{"rendered":"Pocta in\u0161tal\u00e1cii\u00a0 1995"},"content":{"rendered":"\n<p><strong>Pocta in\u0161tal\u00e1cii&nbsp; 1995<\/strong><\/p>\n\n\n\n<p>Autor v projekte komponuje svoje v\u00edzie na princ\u00edpe, v istom zmysle viacn\u00e1sobn\u00fdch expoz\u00edci\u00ed, pri\u010dom objekt\u00edv fotoapar\u00e1tu je dlhodobo otvoren\u00fd. Autor v tme nasvet\u013euje postupne lebku a r\u00f4zne \u010dasti tela princ\u00edpom viacn\u00e1sobnej expoz\u00edcie, n\u00e1sledne sklad\u00e1 v\u00fdsledn\u00fd obraz, ktor\u00fd v\u0161ak v realite nikdy neexistoval. Zrodil sa len v\u010faka svetlo-citlivej vrstve filmov\u00e9ho materi\u00e1lu. D\u00f4myseln\u00e9 vyu\u017eitie drap\u00e9rie dovo\u013euje, aby vznikli veristicky p\u00f4sobiace bytosti, o ktor\u00fdch vieme, \u017ee nem\u00f4\u017eu re\u00e1lne existova\u0165 \u2013 rybo-hlavy, be\u017eci, pav\u00fa\u010di \u013eudia, \u017eiv\u00e9 trupy bez hl\u00e1v, ruko-lebky&#8230; Strat\u00e9gie v maxim\u00e1lnej miere str\u00e1\u017eia realizmus fotografie, jej tzv. kop\u00edrovanie reality, aby v kone\u010dnom d\u00f4sledku budovali vizion\u00e1rsky svet neskuto\u010dn\u00fdch situ\u00e1ci\u00ed a vz\u0165ahov. Je to st\u00e1le pr\u00edtomn\u00e1 polarita verizmu a&nbsp;nadre\u00e1lnosti.<\/p>\n\n\n\n<p><strong>A tribute to an installation 1995<\/strong><\/p>\n\n\n\n<p>In the project the author composes his visions on the principle of multiple expositions, whereas the shutter of the camera is open for a long time. Using the principle of multiple exposition, the author gradually illuminates a skull and various body parts, and consequently pieces together the final image, which did not exist in the first place. It came into existence only through the photosensitive layer of photographic material. The resourceful utilization<\/p>\n\n\n\n<p>of drapery enables the verismo-laden beings, which we know do not exist in reality, come into existence: fishheads, runners, spider people, living headless torsos, handskulls&#8230; The strategies guard the realism of the picture, its so-called reality copying, to the maximum degree so that the final outcome lies in building the visionary world of unreal situations and relationships. The polarity of verismo and surrealism is still present.<\/p>\n","protected":false},"featured_media":486,"template":"","meta":{"_acf_changed":true,"site-sidebar-layout":"default","site-content-layout":"","ast-site-content-layout":"default","site-content-style":"default","site-sidebar-style":"default","ast-global-header-display":"","ast-banner-title-visibility":"","ast-main-header-display":"","ast-hfb-above-header-display":"","ast-hfb-below-header-display":"","ast-hfb-mobile-header-display":"","site-post-title":"","ast-breadcrumbs-content":"","ast-featured-img":"","footer-sml-layout":"","ast-disable-related-posts":"","theme-transparent-header-meta":"","adv-header-id-meta":"","stick-header-meta":"","header-above-stick-meta":"","header-main-stick-meta":"","header-below-stick-meta":"","astra-migrate-meta-layouts":"default","ast-page-background-enabled":"default","ast-page-background-meta":{"desktop":{"background-color":"var(--ast-global-color-4)","background-image":"","background-repeat":"repeat","background-position":"center center","background-size":"auto","background-attachment":"scroll","background-type":"","background-media":"","overlay-type":"","overlay-color":"","overlay-opacity":"","overlay-gradient":""},"tablet":{"background-color":"","background-image":"","background-repeat":"repeat","background-position":"center center","background-size":"auto","background-attachment":"scroll","background-type":"","background-media":"","overlay-type":"","overlay-color":"","overlay-opacity":"","overlay-gradient":""},"mobile":{"background-color":"","background-image":"","background-repeat":"repeat","background-position":"center center","background-size":"auto","background-attachment":"scroll","background-type":"","background-media":"","overlay-type":"","overlay-color":"","overlay-opacity":"","overlay-gradient":""}},"ast-content-background-meta":{"desktop":{"background-color":"var(--ast-global-color-5)","background-image":"","background-repeat":"repeat","background-position":"center center","background-size":"auto","background-attachment":"scroll","background-type":"","background-media":"","overlay-type":"","overlay-color":"","overlay-opacity":"","overlay-gradient":""},"tablet":{"background-color":"var(--ast-global-color-5)","background-image":"","background-repeat":"repeat","background-position":"center center","background-size":"auto","background-attachment":"scroll","background-type":"","background-media":"","overlay-type":"","overlay-color":"","overlay-opacity":"","overlay-gradient":""},"mobile":{"background-color":"var(--ast-global-color-5)","background-image":"","background-repeat":"repeat","background-position":"center center","background-size":"auto","background-attachment":"scroll","background-type":"","background-media":"","overlay-type":"","overlay-color":"","overlay-opacity":"","overlay-gradient":""}}},"kat":[10],"class_list":["post-458","galeria","type-galeria","status-publish","has-post-thumbnail","hentry","kat-projekty-1980-2024"],"acf":[],"yoast_head":"<!-- This site is optimized with the Yoast SEO plugin v27.4 - https:\/\/yoast.com\/product\/yoast-seo-wordpress\/ -->\n<title>Pocta in\u0161tal\u00e1cii\u00a0 1995 - Jozef Sedl\u00e1k<\/title>\n<meta name=\"robots\" content=\"index, follow, max-snippet:-1, max-image-preview:large, max-video-preview:-1\" \/>\n<link rel=\"canonical\" href=\"https:\/\/www.jozefsedlak.sk\/en\/galeria\/pocta-instalacii-1995\/\" \/>\n<meta property=\"og:locale\" content=\"en_US\" \/>\n<meta property=\"og:type\" content=\"article\" \/>\n<meta property=\"og:title\" content=\"Pocta in\u0161tal\u00e1cii\u00a0 1995 - Jozef Sedl\u00e1k\" \/>\n<meta property=\"og:description\" content=\"Pocta in\u0161tal\u00e1cii&nbsp; 1995 Autor v projekte komponuje svoje v\u00edzie na princ\u00edpe, v istom zmysle viacn\u00e1sobn\u00fdch expoz\u00edci\u00ed, pri\u010dom objekt\u00edv fotoapar\u00e1tu je [&hellip;]\" \/>\n<meta property=\"og:url\" content=\"https:\/\/www.jozefsedlak.sk\/en\/galeria\/pocta-instalacii-1995\/\" \/>\n<meta property=\"og:site_name\" content=\"Jozef Sedl\u00e1k\" \/>\n<meta property=\"article:modified_time\" content=\"2024-07-15T19:52:30+00:00\" \/>\n<meta property=\"og:image\" content=\"https:\/\/www.jozefsedlak.sk\/wp-content\/uploads\/2024\/07\/Pocta_1C.jpg\" \/>\n\t<meta property=\"og:image:width\" content=\"1600\" \/>\n\t<meta property=\"og:image:height\" content=\"1068\" \/>\n\t<meta property=\"og:image:type\" content=\"image\/jpeg\" \/>\n<meta name=\"twitter:card\" content=\"summary_large_image\" \/>\n<meta name=\"twitter:label1\" content=\"Est. reading time\" \/>\n\t<meta name=\"twitter:data1\" content=\"2 minutes\" \/>\n<script type=\"application\/ld+json\" class=\"yoast-schema-graph\">{\"@context\":\"https:\\\/\\\/schema.org\",\"@graph\":[{\"@type\":\"WebPage\",\"@id\":\"https:\\\/\\\/www.jozefsedlak.sk\\\/en\\\/galeria\\\/pocta-instalacii-1995\\\/\",\"url\":\"https:\\\/\\\/www.jozefsedlak.sk\\\/en\\\/galeria\\\/pocta-instalacii-1995\\\/\",\"name\":\"Pocta in\u0161tal\u00e1cii\u00a0 1995 - Jozef Sedl\u00e1k\",\"isPartOf\":{\"@id\":\"https:\\\/\\\/www.jozefsedlak.sk\\\/en\\\/#website\"},\"primaryImageOfPage\":{\"@id\":\"https:\\\/\\\/www.jozefsedlak.sk\\\/en\\\/galeria\\\/pocta-instalacii-1995\\\/#primaryimage\"},\"image\":{\"@id\":\"https:\\\/\\\/www.jozefsedlak.sk\\\/en\\\/galeria\\\/pocta-instalacii-1995\\\/#primaryimage\"},\"thumbnailUrl\":\"https:\\\/\\\/www.jozefsedlak.sk\\\/wp-content\\\/uploads\\\/2024\\\/07\\\/Pocta_1C.jpg\",\"datePublished\":\"2024-07-01T21:38:11+00:00\",\"dateModified\":\"2024-07-15T19:52:30+00:00\",\"breadcrumb\":{\"@id\":\"https:\\\/\\\/www.jozefsedlak.sk\\\/en\\\/galeria\\\/pocta-instalacii-1995\\\/#breadcrumb\"},\"inLanguage\":\"en-US\",\"potentialAction\":[{\"@type\":\"ReadAction\",\"target\":[\"https:\\\/\\\/www.jozefsedlak.sk\\\/en\\\/galeria\\\/pocta-instalacii-1995\\\/\"]}]},{\"@type\":\"ImageObject\",\"inLanguage\":\"en-US\",\"@id\":\"https:\\\/\\\/www.jozefsedlak.sk\\\/en\\\/galeria\\\/pocta-instalacii-1995\\\/#primaryimage\",\"url\":\"https:\\\/\\\/www.jozefsedlak.sk\\\/wp-content\\\/uploads\\\/2024\\\/07\\\/Pocta_1C.jpg\",\"contentUrl\":\"https:\\\/\\\/www.jozefsedlak.sk\\\/wp-content\\\/uploads\\\/2024\\\/07\\\/Pocta_1C.jpg\",\"width\":1600,\"height\":1068},{\"@type\":\"BreadcrumbList\",\"@id\":\"https:\\\/\\\/www.jozefsedlak.sk\\\/en\\\/galeria\\\/pocta-instalacii-1995\\\/#breadcrumb\",\"itemListElement\":[{\"@type\":\"ListItem\",\"position\":1,\"name\":\"Domovsk\u00e1 str\u00e1nka\",\"item\":\"https:\\\/\\\/www.jozefsedlak.sk\\\/en\\\/\"},{\"@type\":\"ListItem\",\"position\":2,\"name\":\"Pocta in\u0161tal\u00e1cii\u00a0 1995\"}]},{\"@type\":\"WebSite\",\"@id\":\"https:\\\/\\\/www.jozefsedlak.sk\\\/en\\\/#website\",\"url\":\"https:\\\/\\\/www.jozefsedlak.sk\\\/en\\\/\",\"name\":\"Jozef Sedl\u00e1k\",\"description\":\"\",\"potentialAction\":[{\"@type\":\"SearchAction\",\"target\":{\"@type\":\"EntryPoint\",\"urlTemplate\":\"https:\\\/\\\/www.jozefsedlak.sk\\\/en\\\/?s={search_term_string}\"},\"query-input\":{\"@type\":\"PropertyValueSpecification\",\"valueRequired\":true,\"valueName\":\"search_term_string\"}}],\"inLanguage\":\"en-US\"}]}<\/script>\n<!-- \/ Yoast SEO plugin. -->","yoast_head_json":{"title":"Pocta in\u0161tal\u00e1cii\u00a0 1995 - Jozef Sedl\u00e1k","robots":{"index":"index","follow":"follow","max-snippet":"max-snippet:-1","max-image-preview":"max-image-preview:large","max-video-preview":"max-video-preview:-1"},"canonical":"https:\/\/www.jozefsedlak.sk\/en\/galeria\/pocta-instalacii-1995\/","og_locale":"en_US","og_type":"article","og_title":"Pocta in\u0161tal\u00e1cii\u00a0 1995 - Jozef Sedl\u00e1k","og_description":"Pocta in\u0161tal\u00e1cii&nbsp; 1995 Autor v projekte komponuje svoje v\u00edzie na princ\u00edpe, v istom zmysle viacn\u00e1sobn\u00fdch expoz\u00edci\u00ed, pri\u010dom objekt\u00edv fotoapar\u00e1tu je [&hellip;]","og_url":"https:\/\/www.jozefsedlak.sk\/en\/galeria\/pocta-instalacii-1995\/","og_site_name":"Jozef Sedl\u00e1k","article_modified_time":"2024-07-15T19:52:30+00:00","og_image":[{"width":1600,"height":1068,"url":"https:\/\/www.jozefsedlak.sk\/wp-content\/uploads\/2024\/07\/Pocta_1C.jpg","type":"image\/jpeg"}],"twitter_card":"summary_large_image","twitter_misc":{"Est. reading time":"2 minutes"},"schema":{"@context":"https:\/\/schema.org","@graph":[{"@type":"WebPage","@id":"https:\/\/www.jozefsedlak.sk\/en\/galeria\/pocta-instalacii-1995\/","url":"https:\/\/www.jozefsedlak.sk\/en\/galeria\/pocta-instalacii-1995\/","name":"Pocta in\u0161tal\u00e1cii\u00a0 1995 - Jozef Sedl\u00e1k","isPartOf":{"@id":"https:\/\/www.jozefsedlak.sk\/en\/#website"},"primaryImageOfPage":{"@id":"https:\/\/www.jozefsedlak.sk\/en\/galeria\/pocta-instalacii-1995\/#primaryimage"},"image":{"@id":"https:\/\/www.jozefsedlak.sk\/en\/galeria\/pocta-instalacii-1995\/#primaryimage"},"thumbnailUrl":"https:\/\/www.jozefsedlak.sk\/wp-content\/uploads\/2024\/07\/Pocta_1C.jpg","datePublished":"2024-07-01T21:38:11+00:00","dateModified":"2024-07-15T19:52:30+00:00","breadcrumb":{"@id":"https:\/\/www.jozefsedlak.sk\/en\/galeria\/pocta-instalacii-1995\/#breadcrumb"},"inLanguage":"en-US","potentialAction":[{"@type":"ReadAction","target":["https:\/\/www.jozefsedlak.sk\/en\/galeria\/pocta-instalacii-1995\/"]}]},{"@type":"ImageObject","inLanguage":"en-US","@id":"https:\/\/www.jozefsedlak.sk\/en\/galeria\/pocta-instalacii-1995\/#primaryimage","url":"https:\/\/www.jozefsedlak.sk\/wp-content\/uploads\/2024\/07\/Pocta_1C.jpg","contentUrl":"https:\/\/www.jozefsedlak.sk\/wp-content\/uploads\/2024\/07\/Pocta_1C.jpg","width":1600,"height":1068},{"@type":"BreadcrumbList","@id":"https:\/\/www.jozefsedlak.sk\/en\/galeria\/pocta-instalacii-1995\/#breadcrumb","itemListElement":[{"@type":"ListItem","position":1,"name":"Domovsk\u00e1 str\u00e1nka","item":"https:\/\/www.jozefsedlak.sk\/en\/"},{"@type":"ListItem","position":2,"name":"Pocta in\u0161tal\u00e1cii\u00a0 1995"}]},{"@type":"WebSite","@id":"https:\/\/www.jozefsedlak.sk\/en\/#website","url":"https:\/\/www.jozefsedlak.sk\/en\/","name":"Jozef Sedl\u00e1k","description":"","potentialAction":[{"@type":"SearchAction","target":{"@type":"EntryPoint","urlTemplate":"https:\/\/www.jozefsedlak.sk\/en\/?s={search_term_string}"},"query-input":{"@type":"PropertyValueSpecification","valueRequired":true,"valueName":"search_term_string"}}],"inLanguage":"en-US"}]}},"_links":{"self":[{"href":"https:\/\/www.jozefsedlak.sk\/en\/wp-json\/wp\/v2\/galeria\/458","targetHints":{"allow":["GET"]}}],"collection":[{"href":"https:\/\/www.jozefsedlak.sk\/en\/wp-json\/wp\/v2\/galeria"}],"about":[{"href":"https:\/\/www.jozefsedlak.sk\/en\/wp-json\/wp\/v2\/types\/galeria"}],"wp:featuredmedia":[{"embeddable":true,"href":"https:\/\/www.jozefsedlak.sk\/en\/wp-json\/wp\/v2\/media\/486"}],"wp:attachment":[{"href":"https:\/\/www.jozefsedlak.sk\/en\/wp-json\/wp\/v2\/media?parent=458"}],"wp:term":[{"taxonomy":"kat","embeddable":true,"href":"https:\/\/www.jozefsedlak.sk\/en\/wp-json\/wp\/v2\/kat?post=458"}],"curies":[{"name":"wp","href":"https:\/\/api.w.org\/{rel}","templated":true}]}}

Pocta inštalácii  1995

<p><strong>Pocta inštalácii&nbsp; 1995</strong></p>



<p>Autor v projekte komponuje svoje vízie na princípe, v istom zmysle viacnásobných expozícií, pričom objektív fotoaparátu je dlhodobo otvorený. Autor v tme nasvetľuje postupne lebku a rôzne časti tela princípom viacnásobnej expozície, následne skladá výsledný obraz, ktorý však v realite nikdy neexistoval. Zrodil sa len vďaka svetlo-citlivej vrstve filmového materiálu. Dômyselné využitie drapérie dovoľuje, aby vznikli veristicky pôsobiace bytosti, o ktorých vieme, že nemôžu reálne existovať – rybo-hlavy, bežci, pavúči ľudia, živé trupy bez hláv, ruko-lebky&#8230; Stratégie v maximálnej miere strážia realizmus fotografie, jej tzv. kopírovanie reality, aby v konečnom dôsledku budovali vizionársky svet neskutočných situácií a vzťahov. Je to stále prítomná polarita verizmu a&nbsp;nadreálnosti.</p>



<p><strong>A tribute to an installation 1995</strong></p>



<p>In the project the author composes his visions on the principle of multiple expositions, whereas the shutter of the camera is open for a long time. Using the principle of multiple exposition, the author gradually illuminates a skull and various body parts, and consequently pieces together the final image, which did not exist in the first place. It came into existence only through the photosensitive layer of photographic material. The resourceful utilization</p>



<p>of drapery enables the verismo-laden beings, which we know do not exist in reality, come into existence: fishheads, runners, spider people, living headless torsos, handskulls&#8230; The strategies guard the realism of the picture, its so-called reality copying, to the maximum degree so that the final outcome lies in building the visionary world of unreal situations and relationships. The polarity of verismo and surrealism is still present.</p>

<!-- This site is optimized with the Yoast SEO plugin v27.4 - https://yoast.com/product/yoast-seo-wordpress/ -->
<title>Pocta inštalácii  1995 - Jozef Sedlák</title>
<meta name="robots" content="index, follow, max-snippet:-1, max-image-preview:large, max-video-preview:-1" />
<link rel="canonical" href="https://www.jozefsedlak.sk/en/galeria/pocta-instalacii-1995/" />
<meta property="og:locale" content="en_US" />
<meta property="og:type" content="article" />
<meta property="og:title" content="Pocta inštalácii  1995 - Jozef Sedlák" />
<meta property="og:description" content="Pocta inštalácii&nbsp; 1995 Autor v projekte komponuje svoje vízie na princípe, v istom zmysle viacnásobných expozícií, pričom objektív fotoaparátu je [&hellip;]" />
<meta property="og:url" content="https://www.jozefsedlak.sk/en/galeria/pocta-instalacii-1995/" />
<meta property="og:site_name" content="Jozef Sedlák" />
<meta property="article:modified_time" content="2024-07-15T19:52:30+00:00" />
<meta property="og:image" content="https://www.jozefsedlak.sk/wp-content/uploads/2024/07/Pocta_1C.jpg" />
	<meta property="og:image:width" content="1600" />
	<meta property="og:image:height" content="1068" />
	<meta property="og:image:type" content="image/jpeg" />
<meta name="twitter:card" content="summary_large_image" />
<meta name="twitter:label1" content="Est. reading time" />
	<meta name="twitter:data1" content="2 minutes" />
<script type="application/ld+json" class="yoast-schema-graph">{"@context":"https:\/\/schema.org","@graph":[{"@type":"WebPage","@id":"https:\/\/www.jozefsedlak.sk\/en\/galeria\/pocta-instalacii-1995\/","url":"https:\/\/www.jozefsedlak.sk\/en\/galeria\/pocta-instalacii-1995\/","name":"Pocta inštalácii  1995 - Jozef Sedlák","isPartOf":{"@id":"https:\/\/www.jozefsedlak.sk\/en\/#website"},"primaryImageOfPage":{"@id":"https:\/\/www.jozefsedlak.sk\/en\/galeria\/pocta-instalacii-1995\/#primaryimage"},"image":{"@id":"https:\/\/www.jozefsedlak.sk\/en\/galeria\/pocta-instalacii-1995\/#primaryimage"},"thumbnailUrl":"https:\/\/www.jozefsedlak.sk\/wp-content\/uploads\/2024\/07\/Pocta_1C.jpg","datePublished":"2024-07-01T21:38:11+00:00","dateModified":"2024-07-15T19:52:30+00:00","breadcrumb":{"@id":"https:\/\/www.jozefsedlak.sk\/en\/galeria\/pocta-instalacii-1995\/#breadcrumb"},"inLanguage":"en-US","potentialAction":[{"@type":"ReadAction","target":["https:\/\/www.jozefsedlak.sk\/en\/galeria\/pocta-instalacii-1995\/"]}]},{"@type":"ImageObject","inLanguage":"en-US","@id":"https:\/\/www.jozefsedlak.sk\/en\/galeria\/pocta-instalacii-1995\/#primaryimage","url":"https:\/\/www.jozefsedlak.sk\/wp-content\/uploads\/2024\/07\/Pocta_1C.jpg","contentUrl":"https:\/\/www.jozefsedlak.sk\/wp-content\/uploads\/2024\/07\/Pocta_1C.jpg","width":1600,"height":1068},{"@type":"BreadcrumbList","@id":"https:\/\/www.jozefsedlak.sk\/en\/galeria\/pocta-instalacii-1995\/#breadcrumb","itemListElement":[{"@type":"ListItem","position":1,"name":"Domovská stránka","item":"https:\/\/www.jozefsedlak.sk\/en\/"},{"@type":"ListItem","position":2,"name":"Pocta inštalácii  1995"}]},{"@type":"WebSite","@id":"https:\/\/www.jozefsedlak.sk\/en\/#website","url":"https:\/\/www.jozefsedlak.sk\/en\/","name":"Jozef Sedlák","description":"","potentialAction":[{"@type":"SearchAction","target":{"@type":"EntryPoint","urlTemplate":"https:\/\/www.jozefsedlak.sk\/en\/?s={search_term_string}"},"query-input":{"@type":"PropertyValueSpecification","valueRequired":true,"valueName":"search_term_string"}}],"inLanguage":"en-US"}]}</script>
<!-- / Yoast SEO plugin. -->

Pocta inštalácii  1995 - Jozef Sedlák

Pocta inštalácii&nbsp; 1995 Autor v projekte komponuje svoje vízie na princípe, v istom zmysle viacnásobných expozícií, pričom objektív fotoaparátu je [&hellip;]

Jozef Sedlák

Domovská stránka
