{"id":528,"date":"2024-07-01T23:47:42","date_gmt":"2024-07-01T21:47:42","guid":{"rendered":"https:\/\/www.jozefsedlak.sk\/?post_type=galeria&#038;p=528"},"modified":"2024-07-15T21:52:01","modified_gmt":"2024-07-15T19:52:01","slug":"hyper-dokument-cas-verejneho-zneistenia-2010-2023","status":"publish","type":"galeria","link":"https:\/\/www.jozefsedlak.sk\/en\/galeria\/hyper-dokument-cas-verejneho-zneistenia-2010-2023\/","title":{"rendered":"Hyper-dokument (\u010cas verejn\u00e9ho zneistenia) 2010 \u2013 2023"},"content":{"rendered":"\n<p><strong>Hyper-dokument (\u010cas verejn\u00e9ho zneistenia) 2010 \u2013 2023<\/strong><\/p>\n\n\n\n<p>Projekt&nbsp; autorsk\u00fdch arch\u00edvnych &nbsp;a aktu\u00e1lnych dokument\u00e1rnych fotografi\u00ed manipulovan\u00fdch v postprodukcii. Projekt podporuje diskusiu o d\u00f4veryhodnosti obrazu, d\u00f4veryhodnosti dokumentu a strat\u00e9gie spochyb\u0148ovania arch\u00edvu danej udalosti, situ\u00e1cie a lokality. Fotografie predstavuj\u00fa technicky a technologicky dokonal\u00fa obrazov\u00fa realitu. Kauzalitu z\u00e1znamu spochyb\u0148uj\u00fa ur\u010dit\u00e9 znaky, ktor\u00e9 pri percepcii (\u010d\u00edtan\u00ed) obrazu transponuj\u00fa realitu na paraleln\u00fa, &nbsp;nazna\u010duj\u00facu naru\u0161enie perspekt\u00edvy, mierky, detailov reality \u2013 pravdivos\u0165 referencie m\u00e9dia fotografie. Obrazy tak evokuj\u00fa stratu autenticity a funkcionality reality v \u017e\u00e1nroch dokument\u00e1rnej fotografie a predstavuj\u00fa m\u00e9dium fotografie ako spochyb\u0148uj\u00faci a relativizuj\u00faci prvok. Projekt kladie z\u00e1kladn\u00e9 ot\u00e1zky ako sme sa adaptovali na mo\u017enosti&nbsp; vn\u00edmania reality, konfliktne resp.&nbsp; nekonfliktne alebo bezpodmiene\u010dne pravdivo.<\/p>\n\n\n\n<p><strong>Hyper-document (Time of public pollution) 2010-2023<\/strong><\/p>\n\n\n\n<p>Project of author\u2019s archive documentary photographs manipulated in postproduction. The project supports discussion about image credibility, document credibility and strategies of challenging the archive of a given event, situation, and location. Photographs represent a technically and technologically perfect image reality. The causality of the record casts doubt on certain characters that, when the images are perceived (read), translate reality into parallel reality, indicating distortion of perspective, scale, details of reality \u2013 the veracity of the reference of the medium photography. Images thus evoke the loss of authenticity and functionality of reality in the genres of documentary photography and represent the medium of photography as a questioning and relativizing element. The project puts forward fundamental questions on how we have adapted to the options of perceiving reality, disharmoniously, respectively harmoniously or unconditionally true.<\/p>\n","protected":false},"featured_media":562,"template":"","meta":{"_acf_changed":true,"site-sidebar-layout":"default","site-content-layout":"","ast-site-content-layout":"default","site-content-style":"default","site-sidebar-style":"default","ast-global-header-display":"","ast-banner-title-visibility":"","ast-main-header-display":"","ast-hfb-above-header-display":"","ast-hfb-below-header-display":"","ast-hfb-mobile-header-display":"","site-post-title":"","ast-breadcrumbs-content":"","ast-featured-img":"","footer-sml-layout":"","ast-disable-related-posts":"","theme-transparent-header-meta":"","adv-header-id-meta":"","stick-header-meta":"","header-above-stick-meta":"","header-main-stick-meta":"","header-below-stick-meta":"","astra-migrate-meta-layouts":"default","ast-page-background-enabled":"default","ast-page-background-meta":{"desktop":{"background-color":"var(--ast-global-color-4)","background-image":"","background-repeat":"repeat","background-position":"center center","background-size":"auto","background-attachment":"scroll","background-type":"","background-media":"","overlay-type":"","overlay-color":"","overlay-opacity":"","overlay-gradient":""},"tablet":{"background-color":"","background-image":"","background-repeat":"repeat","background-position":"center center","background-size":"auto","background-attachment":"scroll","background-type":"","background-media":"","overlay-type":"","overlay-color":"","overlay-opacity":"","overlay-gradient":""},"mobile":{"background-color":"","background-image":"","background-repeat":"repeat","background-position":"center center","background-size":"auto","background-attachment":"scroll","background-type":"","background-media":"","overlay-type":"","overlay-color":"","overlay-opacity":"","overlay-gradient":""}},"ast-content-background-meta":{"desktop":{"background-color":"var(--ast-global-color-5)","background-image":"","background-repeat":"repeat","background-position":"center center","background-size":"auto","background-attachment":"scroll","background-type":"","background-media":"","overlay-type":"","overlay-color":"","overlay-opacity":"","overlay-gradient":""},"tablet":{"background-color":"var(--ast-global-color-5)","background-image":"","background-repeat":"repeat","background-position":"center center","background-size":"auto","background-attachment":"scroll","background-type":"","background-media":"","overlay-type":"","overlay-color":"","overlay-opacity":"","overlay-gradient":""},"mobile":{"background-color":"var(--ast-global-color-5)","background-image":"","background-repeat":"repeat","background-position":"center center","background-size":"auto","background-attachment":"scroll","background-type":"","background-media":"","overlay-type":"","overlay-color":"","overlay-opacity":"","overlay-gradient":""}}},"kat":[10],"class_list":["post-528","galeria","type-galeria","status-publish","has-post-thumbnail","hentry","kat-projekty-1980-2024"],"acf":[],"yoast_head":"<!-- This site is optimized with the Yoast SEO plugin v27.4 - https:\/\/yoast.com\/product\/yoast-seo-wordpress\/ -->\n<title>Hyper-dokument (\u010cas verejn\u00e9ho zneistenia) 2010 \u2013 2023 - Jozef Sedl\u00e1k<\/title>\n<meta name=\"robots\" content=\"index, follow, max-snippet:-1, max-image-preview:large, max-video-preview:-1\" \/>\n<link rel=\"canonical\" href=\"https:\/\/www.jozefsedlak.sk\/en\/galeria\/hyper-dokument-cas-verejneho-zneistenia-2010-2023\/\" \/>\n<meta property=\"og:locale\" content=\"en_US\" \/>\n<meta property=\"og:type\" content=\"article\" \/>\n<meta property=\"og:title\" content=\"Hyper-dokument (\u010cas verejn\u00e9ho zneistenia) 2010 \u2013 2023 - Jozef Sedl\u00e1k\" \/>\n<meta property=\"og:description\" content=\"Hyper-dokument (\u010cas verejn\u00e9ho zneistenia) 2010 \u2013 2023 Projekt&nbsp; autorsk\u00fdch arch\u00edvnych &nbsp;a aktu\u00e1lnych dokument\u00e1rnych fotografi\u00ed manipulovan\u00fdch v postprodukcii. Projekt podporuje diskusiu [&hellip;]\" \/>\n<meta property=\"og:url\" content=\"https:\/\/www.jozefsedlak.sk\/en\/galeria\/hyper-dokument-cas-verejneho-zneistenia-2010-2023\/\" \/>\n<meta property=\"og:site_name\" content=\"Jozef Sedl\u00e1k\" \/>\n<meta property=\"article:modified_time\" content=\"2024-07-15T19:52:01+00:00\" \/>\n<meta property=\"og:image\" content=\"https:\/\/www.jozefsedlak.sk\/wp-content\/uploads\/2024\/07\/A.jpg\" \/>\n\t<meta property=\"og:image:width\" content=\"1700\" \/>\n\t<meta property=\"og:image:height\" content=\"1135\" \/>\n\t<meta property=\"og:image:type\" content=\"image\/jpeg\" \/>\n<meta name=\"twitter:card\" content=\"summary_large_image\" \/>\n<meta name=\"twitter:label1\" content=\"Est. reading time\" \/>\n\t<meta name=\"twitter:data1\" content=\"2 minutes\" \/>\n<script type=\"application\/ld+json\" class=\"yoast-schema-graph\">{\"@context\":\"https:\\\/\\\/schema.org\",\"@graph\":[{\"@type\":\"WebPage\",\"@id\":\"https:\\\/\\\/www.jozefsedlak.sk\\\/en\\\/galeria\\\/hyper-dokument-cas-verejneho-zneistenia-2010-2023\\\/\",\"url\":\"https:\\\/\\\/www.jozefsedlak.sk\\\/en\\\/galeria\\\/hyper-dokument-cas-verejneho-zneistenia-2010-2023\\\/\",\"name\":\"Hyper-dokument (\u010cas verejn\u00e9ho zneistenia) 2010 \u2013 2023 - Jozef Sedl\u00e1k\",\"isPartOf\":{\"@id\":\"https:\\\/\\\/www.jozefsedlak.sk\\\/en\\\/#website\"},\"primaryImageOfPage\":{\"@id\":\"https:\\\/\\\/www.jozefsedlak.sk\\\/en\\\/galeria\\\/hyper-dokument-cas-verejneho-zneistenia-2010-2023\\\/#primaryimage\"},\"image\":{\"@id\":\"https:\\\/\\\/www.jozefsedlak.sk\\\/en\\\/galeria\\\/hyper-dokument-cas-verejneho-zneistenia-2010-2023\\\/#primaryimage\"},\"thumbnailUrl\":\"https:\\\/\\\/www.jozefsedlak.sk\\\/wp-content\\\/uploads\\\/2024\\\/07\\\/A.jpg\",\"datePublished\":\"2024-07-01T21:47:42+00:00\",\"dateModified\":\"2024-07-15T19:52:01+00:00\",\"breadcrumb\":{\"@id\":\"https:\\\/\\\/www.jozefsedlak.sk\\\/en\\\/galeria\\\/hyper-dokument-cas-verejneho-zneistenia-2010-2023\\\/#breadcrumb\"},\"inLanguage\":\"en-US\",\"potentialAction\":[{\"@type\":\"ReadAction\",\"target\":[\"https:\\\/\\\/www.jozefsedlak.sk\\\/en\\\/galeria\\\/hyper-dokument-cas-verejneho-zneistenia-2010-2023\\\/\"]}]},{\"@type\":\"ImageObject\",\"inLanguage\":\"en-US\",\"@id\":\"https:\\\/\\\/www.jozefsedlak.sk\\\/en\\\/galeria\\\/hyper-dokument-cas-verejneho-zneistenia-2010-2023\\\/#primaryimage\",\"url\":\"https:\\\/\\\/www.jozefsedlak.sk\\\/wp-content\\\/uploads\\\/2024\\\/07\\\/A.jpg\",\"contentUrl\":\"https:\\\/\\\/www.jozefsedlak.sk\\\/wp-content\\\/uploads\\\/2024\\\/07\\\/A.jpg\",\"width\":1700,\"height\":1135},{\"@type\":\"BreadcrumbList\",\"@id\":\"https:\\\/\\\/www.jozefsedlak.sk\\\/en\\\/galeria\\\/hyper-dokument-cas-verejneho-zneistenia-2010-2023\\\/#breadcrumb\",\"itemListElement\":[{\"@type\":\"ListItem\",\"position\":1,\"name\":\"Domovsk\u00e1 str\u00e1nka\",\"item\":\"https:\\\/\\\/www.jozefsedlak.sk\\\/en\\\/\"},{\"@type\":\"ListItem\",\"position\":2,\"name\":\"Hyper-dokument (\u010cas verejn\u00e9ho zneistenia) 2010 \u2013 2023\"}]},{\"@type\":\"WebSite\",\"@id\":\"https:\\\/\\\/www.jozefsedlak.sk\\\/en\\\/#website\",\"url\":\"https:\\\/\\\/www.jozefsedlak.sk\\\/en\\\/\",\"name\":\"Jozef Sedl\u00e1k\",\"description\":\"\",\"potentialAction\":[{\"@type\":\"SearchAction\",\"target\":{\"@type\":\"EntryPoint\",\"urlTemplate\":\"https:\\\/\\\/www.jozefsedlak.sk\\\/en\\\/?s={search_term_string}\"},\"query-input\":{\"@type\":\"PropertyValueSpecification\",\"valueRequired\":true,\"valueName\":\"search_term_string\"}}],\"inLanguage\":\"en-US\"}]}<\/script>\n<!-- \/ Yoast SEO plugin. -->","yoast_head_json":{"title":"Hyper-dokument (\u010cas verejn\u00e9ho zneistenia) 2010 \u2013 2023 - Jozef Sedl\u00e1k","robots":{"index":"index","follow":"follow","max-snippet":"max-snippet:-1","max-image-preview":"max-image-preview:large","max-video-preview":"max-video-preview:-1"},"canonical":"https:\/\/www.jozefsedlak.sk\/en\/galeria\/hyper-dokument-cas-verejneho-zneistenia-2010-2023\/","og_locale":"en_US","og_type":"article","og_title":"Hyper-dokument (\u010cas verejn\u00e9ho zneistenia) 2010 \u2013 2023 - Jozef Sedl\u00e1k","og_description":"Hyper-dokument (\u010cas verejn\u00e9ho zneistenia) 2010 \u2013 2023 Projekt&nbsp; autorsk\u00fdch arch\u00edvnych &nbsp;a aktu\u00e1lnych dokument\u00e1rnych fotografi\u00ed manipulovan\u00fdch v postprodukcii. Projekt podporuje diskusiu [&hellip;]","og_url":"https:\/\/www.jozefsedlak.sk\/en\/galeria\/hyper-dokument-cas-verejneho-zneistenia-2010-2023\/","og_site_name":"Jozef Sedl\u00e1k","article_modified_time":"2024-07-15T19:52:01+00:00","og_image":[{"width":1700,"height":1135,"url":"https:\/\/www.jozefsedlak.sk\/wp-content\/uploads\/2024\/07\/A.jpg","type":"image\/jpeg"}],"twitter_card":"summary_large_image","twitter_misc":{"Est. reading time":"2 minutes"},"schema":{"@context":"https:\/\/schema.org","@graph":[{"@type":"WebPage","@id":"https:\/\/www.jozefsedlak.sk\/en\/galeria\/hyper-dokument-cas-verejneho-zneistenia-2010-2023\/","url":"https:\/\/www.jozefsedlak.sk\/en\/galeria\/hyper-dokument-cas-verejneho-zneistenia-2010-2023\/","name":"Hyper-dokument (\u010cas verejn\u00e9ho zneistenia) 2010 \u2013 2023 - Jozef Sedl\u00e1k","isPartOf":{"@id":"https:\/\/www.jozefsedlak.sk\/en\/#website"},"primaryImageOfPage":{"@id":"https:\/\/www.jozefsedlak.sk\/en\/galeria\/hyper-dokument-cas-verejneho-zneistenia-2010-2023\/#primaryimage"},"image":{"@id":"https:\/\/www.jozefsedlak.sk\/en\/galeria\/hyper-dokument-cas-verejneho-zneistenia-2010-2023\/#primaryimage"},"thumbnailUrl":"https:\/\/www.jozefsedlak.sk\/wp-content\/uploads\/2024\/07\/A.jpg","datePublished":"2024-07-01T21:47:42+00:00","dateModified":"2024-07-15T19:52:01+00:00","breadcrumb":{"@id":"https:\/\/www.jozefsedlak.sk\/en\/galeria\/hyper-dokument-cas-verejneho-zneistenia-2010-2023\/#breadcrumb"},"inLanguage":"en-US","potentialAction":[{"@type":"ReadAction","target":["https:\/\/www.jozefsedlak.sk\/en\/galeria\/hyper-dokument-cas-verejneho-zneistenia-2010-2023\/"]}]},{"@type":"ImageObject","inLanguage":"en-US","@id":"https:\/\/www.jozefsedlak.sk\/en\/galeria\/hyper-dokument-cas-verejneho-zneistenia-2010-2023\/#primaryimage","url":"https:\/\/www.jozefsedlak.sk\/wp-content\/uploads\/2024\/07\/A.jpg","contentUrl":"https:\/\/www.jozefsedlak.sk\/wp-content\/uploads\/2024\/07\/A.jpg","width":1700,"height":1135},{"@type":"BreadcrumbList","@id":"https:\/\/www.jozefsedlak.sk\/en\/galeria\/hyper-dokument-cas-verejneho-zneistenia-2010-2023\/#breadcrumb","itemListElement":[{"@type":"ListItem","position":1,"name":"Domovsk\u00e1 str\u00e1nka","item":"https:\/\/www.jozefsedlak.sk\/en\/"},{"@type":"ListItem","position":2,"name":"Hyper-dokument (\u010cas verejn\u00e9ho zneistenia) 2010 \u2013 2023"}]},{"@type":"WebSite","@id":"https:\/\/www.jozefsedlak.sk\/en\/#website","url":"https:\/\/www.jozefsedlak.sk\/en\/","name":"Jozef Sedl\u00e1k","description":"","potentialAction":[{"@type":"SearchAction","target":{"@type":"EntryPoint","urlTemplate":"https:\/\/www.jozefsedlak.sk\/en\/?s={search_term_string}"},"query-input":{"@type":"PropertyValueSpecification","valueRequired":true,"valueName":"search_term_string"}}],"inLanguage":"en-US"}]}},"_links":{"self":[{"href":"https:\/\/www.jozefsedlak.sk\/en\/wp-json\/wp\/v2\/galeria\/528","targetHints":{"allow":["GET"]}}],"collection":[{"href":"https:\/\/www.jozefsedlak.sk\/en\/wp-json\/wp\/v2\/galeria"}],"about":[{"href":"https:\/\/www.jozefsedlak.sk\/en\/wp-json\/wp\/v2\/types\/galeria"}],"wp:featuredmedia":[{"embeddable":true,"href":"https:\/\/www.jozefsedlak.sk\/en\/wp-json\/wp\/v2\/media\/562"}],"wp:attachment":[{"href":"https:\/\/www.jozefsedlak.sk\/en\/wp-json\/wp\/v2\/media?parent=528"}],"wp:term":[{"taxonomy":"kat","embeddable":true,"href":"https:\/\/www.jozefsedlak.sk\/en\/wp-json\/wp\/v2\/kat?post=528"}],"curies":[{"name":"wp","href":"https:\/\/api.w.org\/{rel}","templated":true}]}}

Hyper-dokument (Čas verejného zneistenia) 2010 – 2023

<p><strong>Hyper-dokument (Čas verejného zneistenia) 2010 – 2023</strong></p>



<p>Projekt&nbsp; autorských archívnych &nbsp;a aktuálnych dokumentárnych fotografií manipulovaných v postprodukcii. Projekt podporuje diskusiu o dôveryhodnosti obrazu, dôveryhodnosti dokumentu a stratégie spochybňovania archívu danej udalosti, situácie a lokality. Fotografie predstavujú technicky a technologicky dokonalú obrazovú realitu. Kauzalitu záznamu spochybňujú určité znaky, ktoré pri percepcii (čítaní) obrazu transponujú realitu na paralelnú, &nbsp;naznačujúcu narušenie perspektívy, mierky, detailov reality – pravdivosť referencie média fotografie. Obrazy tak evokujú stratu autenticity a funkcionality reality v žánroch dokumentárnej fotografie a predstavujú médium fotografie ako spochybňujúci a relativizujúci prvok. Projekt kladie základné otázky ako sme sa adaptovali na možnosti&nbsp; vnímania reality, konfliktne resp.&nbsp; nekonfliktne alebo bezpodmienečne pravdivo.</p>



<p><strong>Hyper-document (Time of public pollution) 2010-2023</strong></p>



<p>Project of author’s archive documentary photographs manipulated in postproduction. The project supports discussion about image credibility, document credibility and strategies of challenging the archive of a given event, situation, and location. Photographs represent a technically and technologically perfect image reality. The causality of the record casts doubt on certain characters that, when the images are perceived (read), translate reality into parallel reality, indicating distortion of perspective, scale, details of reality – the veracity of the reference of the medium photography. Images thus evoke the loss of authenticity and functionality of reality in the genres of documentary photography and represent the medium of photography as a questioning and relativizing element. The project puts forward fundamental questions on how we have adapted to the options of perceiving reality, disharmoniously, respectively harmoniously or unconditionally true.</p>

<!-- This site is optimized with the Yoast SEO plugin v27.4 - https://yoast.com/product/yoast-seo-wordpress/ -->
<title>Hyper-dokument (Čas verejného zneistenia) 2010 – 2023 - Jozef Sedlák</title>
<meta name="robots" content="index, follow, max-snippet:-1, max-image-preview:large, max-video-preview:-1" />
<link rel="canonical" href="https://www.jozefsedlak.sk/en/galeria/hyper-dokument-cas-verejneho-zneistenia-2010-2023/" />
<meta property="og:locale" content="en_US" />
<meta property="og:type" content="article" />
<meta property="og:title" content="Hyper-dokument (Čas verejného zneistenia) 2010 – 2023 - Jozef Sedlák" />
<meta property="og:description" content="Hyper-dokument (Čas verejného zneistenia) 2010 – 2023 Projekt&nbsp; autorských archívnych &nbsp;a aktuálnych dokumentárnych fotografií manipulovaných v postprodukcii. Projekt podporuje diskusiu [&hellip;]" />
<meta property="og:url" content="https://www.jozefsedlak.sk/en/galeria/hyper-dokument-cas-verejneho-zneistenia-2010-2023/" />
<meta property="og:site_name" content="Jozef Sedlák" />
<meta property="article:modified_time" content="2024-07-15T19:52:01+00:00" />
<meta property="og:image" content="https://www.jozefsedlak.sk/wp-content/uploads/2024/07/A.jpg" />
	<meta property="og:image:width" content="1700" />
	<meta property="og:image:height" content="1135" />
	<meta property="og:image:type" content="image/jpeg" />
<meta name="twitter:card" content="summary_large_image" />
<meta name="twitter:label1" content="Est. reading time" />
	<meta name="twitter:data1" content="2 minutes" />
<script type="application/ld+json" class="yoast-schema-graph">{"@context":"https:\/\/schema.org","@graph":[{"@type":"WebPage","@id":"https:\/\/www.jozefsedlak.sk\/en\/galeria\/hyper-dokument-cas-verejneho-zneistenia-2010-2023\/","url":"https:\/\/www.jozefsedlak.sk\/en\/galeria\/hyper-dokument-cas-verejneho-zneistenia-2010-2023\/","name":"Hyper-dokument (Čas verejného zneistenia) 2010 – 2023 - Jozef Sedlák","isPartOf":{"@id":"https:\/\/www.jozefsedlak.sk\/en\/#website"},"primaryImageOfPage":{"@id":"https:\/\/www.jozefsedlak.sk\/en\/galeria\/hyper-dokument-cas-verejneho-zneistenia-2010-2023\/#primaryimage"},"image":{"@id":"https:\/\/www.jozefsedlak.sk\/en\/galeria\/hyper-dokument-cas-verejneho-zneistenia-2010-2023\/#primaryimage"},"thumbnailUrl":"https:\/\/www.jozefsedlak.sk\/wp-content\/uploads\/2024\/07\/A.jpg","datePublished":"2024-07-01T21:47:42+00:00","dateModified":"2024-07-15T19:52:01+00:00","breadcrumb":{"@id":"https:\/\/www.jozefsedlak.sk\/en\/galeria\/hyper-dokument-cas-verejneho-zneistenia-2010-2023\/#breadcrumb"},"inLanguage":"en-US","potentialAction":[{"@type":"ReadAction","target":["https:\/\/www.jozefsedlak.sk\/en\/galeria\/hyper-dokument-cas-verejneho-zneistenia-2010-2023\/"]}]},{"@type":"ImageObject","inLanguage":"en-US","@id":"https:\/\/www.jozefsedlak.sk\/en\/galeria\/hyper-dokument-cas-verejneho-zneistenia-2010-2023\/#primaryimage","url":"https:\/\/www.jozefsedlak.sk\/wp-content\/uploads\/2024\/07\/A.jpg","contentUrl":"https:\/\/www.jozefsedlak.sk\/wp-content\/uploads\/2024\/07\/A.jpg","width":1700,"height":1135},{"@type":"BreadcrumbList","@id":"https:\/\/www.jozefsedlak.sk\/en\/galeria\/hyper-dokument-cas-verejneho-zneistenia-2010-2023\/#breadcrumb","itemListElement":[{"@type":"ListItem","position":1,"name":"Domovská stránka","item":"https:\/\/www.jozefsedlak.sk\/en\/"},{"@type":"ListItem","position":2,"name":"Hyper-dokument (Čas verejného zneistenia) 2010 – 2023"}]},{"@type":"WebSite","@id":"https:\/\/www.jozefsedlak.sk\/en\/#website","url":"https:\/\/www.jozefsedlak.sk\/en\/","name":"Jozef Sedlák","description":"","potentialAction":[{"@type":"SearchAction","target":{"@type":"EntryPoint","urlTemplate":"https:\/\/www.jozefsedlak.sk\/en\/?s={search_term_string}"},"query-input":{"@type":"PropertyValueSpecification","valueRequired":true,"valueName":"search_term_string"}}],"inLanguage":"en-US"}]}</script>
<!-- / Yoast SEO plugin. -->

Hyper-dokument (Čas verejného zneistenia) 2010 – 2023 - Jozef Sedlák

Hyper-dokument (Čas verejného zneistenia) 2010 – 2023 Projekt&nbsp; autorských archívnych &nbsp;a aktuálnych dokumentárnych fotografií manipulovaných v postprodukcii. Projekt podporuje diskusiu [&hellip;]

Jozef Sedlák

Domovská stránka
